is the units digit of q?
9
Let s(q) = -q**2 - 22*q + 17. Let f be s(-13). Suppose -106 = -5*t + f. What is the tens digit of t?
4
Suppose -2*g + 3*g - 36 = 0. What is the units digit of ((-4)/12)/((-2)/g)?
6
Let x(p) = -p**2 - 12*p + 11. Let i be -4*((-39)/12 + 2). Suppose i*l + 25 = -35. What is the units digit of x(l)?
1
Let h(u) = -u + 6. Suppose 6*p = 2*p - 32. What is the units digit of h(p)?
4
Let h(u) = 2*u - 9. Let f be h(7). Suppose f*i + 104 = i. What is the units digit of i/(-22) - (-4)/(-22)?
1
Suppose 0*l + 34 = l. Suppose -3*v + 5 + l = 0. What is the units digit of v?
3
Suppose 3*p = 2*p + 17. What is the units digit of ((0 - -3) + -2)*p?
7
Let n be -5 - (1 - (2 - -1)). What is the units digit of (0 + 2 + n)*-8?
8
What is the hundreds digit of ((-6)/(-8))/((-4)/(-1376))?
2
Suppose 2*m + 1 - 3 = 0. Let d = 4 + m. Suppose 0 = d*a - 5 - 20. What is the units digit of a?
5
Let p = 2 - -1. Suppose 0 = -t + 5*g + 24 + 3, 0 = -5*t - p*g + 79. What is the units digit of t?
7
Let j(m) = 110*m**2 - m. Let s be j(-1). Let n = s + -78. What is the units digit of n?
3
Let y(o) = 2*o**2 + 4*o - 6. What is the tens digit of y(4)?
4
Let r be 8*(2 + (0 - -2)). Suppose 3*x + r = 7*x. What is the units digit of x?
8
Suppose 3*h + 6 = v - 13, -2*v - 2*h + 46 = 0. What is the tens digit of v?
2
Let x(d) = 2*d**2 + d. Suppose 0 = -0*k + k. Let t = -1 - k. What is the units digit of x(t)?
1
Let n(b) = -b**3 - 5*b**2 + 6*b + 9. Let x be n(-6). Let t = x - 6. Suppose -12 = -t*v + 18. What is the units digit of v?
0
Let s = 789 - 544. What is the units digit of s?
5
Let s = 9 + -20. Suppose 0 = 2*d + h + 10, 2*d - 1 = 3*h + 5. Let k = d - s. What is the units digit of k?
8
Let o(p) be the first derivative of -45*p**2/2 + p - 2. What is the tens digit of o(-1)?
4
Suppose c = 2*c - 27. What is the units digit of c?
7
Let j be (-4)/2*38/(-4). Suppose 2*m - j - 13 = 0. Suppose s = -s + m. What is the units digit of s?
8
Suppose q = 2*s - 3, -q = -3*s + 2*s. Let d = 5 - s. What is the units digit of d?
2
Let p(j) = -j**3 + 5*j**2 + 9*j - 13. Let x be p(6). Suppose -46 = -c + 4*y, 4*c - x*c = 5*y - 55. What is the units digit of c?
0
Suppose -9*z + 6*z = -21. What is the units digit of z?
7
Suppose 5*k - 1 = 3*c - 5*c, -4*c - 3*k + 9 = 0. Let q = 2 + c. Let t = 10 - q. What is the units digit of t?
5
Suppose 3*f + 2*z = 467, f - 4*z - 479 = -2*f. What is the units digit of f?
7
Suppose 5*a + 1170 = 5*z, -z + 6*z - 1174 = 3*a. What is the units digit of z?
6
Suppose b - 4*n - 152 = 0, b - 24 - 113 = -n. What is the units digit of b?
0
What is the units digit of (163/2)/(-4 - 63/(-14))?
3
Let c be (-4)/(-22) + (-124)/(-44). Let q = 5 - c. Suppose -2*w + 24 = q*w. What is the units digit of w?
6
Let s(p) be the first derivative of -p**4/4 + 8*p**3/3 - 5*p**2/2 - 5*p - 7. Suppose -4*k + 5*k - 7 = 0. What is the units digit of s(k)?
9
Let a = 5 - 10. What is the units digit of 1/a - 1248/(-65)?
9
Let l(v) = v**2 + v + 7. Suppose x - q - 1 = 0, 0 = -5*x + 4*q + 4. Suppose -5*p + x*p = 0. What is the units digit of l(p)?
7
Let l(n) = n - 2. Let o be l(4). Suppose 6*f - o = 5*f. Suppose 2*s = j - 16, -5*s = f*j + 10 + 3. What is the units digit of j?
6
Let n(q) = -q**2 - 6*q - 4. Let s be (10/4 + -2)*18. Suppose 3*u + 4*m + 16 = 0, u + 5*m + s = -0*m. What is the units digit of n(u)?
4
Suppose 0 = -r + 1, 7 = a + 2*a - 2*r. Let g = 7 + 1. Suppose g*t = a*t + 20. What is the units digit of t?
4
Suppose 1 = j - 7. Let v be 1/2 - (-52)/j. Suppose 15 - 76 = -3*g + 5*r, 0 = -g - r + v. What is the tens digit of g?
1
Let h = 0 - -21. Suppose -5*k + 2*k = -3*g - 432, 5*k - 297 = 2*g. What is the units digit of (-4)/(-14) - g/h?
7
Let s be ((-1)/(-3))/((-4)/(-12)). Let i = s - -3. What is the units digit of i?
4
Suppose -44 = -12*p + 10*p. What is the units digit of p?
2
Let s be (-48)/(-14) + (-12)/28. Suppose -s*c = 5*k - 89, -3*c + 80 = -2*k + 19. What is the tens digit of c?
2
Let m(r) = -r**3 - 5*r**2 + 4*r - 8. Let h be m(-6). Suppose -3 + 83 = h*f. What is the units digit of 3/2*f/6?
5
Let k(l) = 2*l - 1. Let j(b) = b - 1. Let p(z) = 3*j(z) - k(z). What is the units digit of p(8)?
6
Suppose 15 = 5*w, -17 = z - 2*w - 3*w. Let o(y) = -2*y**3 - 3*y**2 - 3*y - 1. What is the units digit of o(z)?
9
Let b = -19 - -43. Suppose -t - 1 = 2*x, 2*x + 5*t = -b + 3. What is the units digit of x?
2
Suppose 0 = t - 3*t - 38. Suppose -5*f = -3*r + 25, 6 = 5*f - 2*r + 26. Let k = f - t. What is the tens digit of k?
1
Suppose 44*d + 715 = 49*d. What is the tens digit of d?
4
Suppose k - 2*w = -7, -4*k - 5*w = -0*k - 37. Suppose 0 = -2*a + 5*f + 16, 0 = -k*a - 3*f - 2*f - 1. Suppose 17 = 2*x - a. What is the tens digit of x?
1
Let k = 0 - 0. Suppose 2*j + k*n = 5*n + 82, -3*j + 123 = 4*n. What is the tens digit of j?
4
Let c = -5 + 8. Suppose -h = 4*f - 52, 0 = -c*f + 2*h + 44 + 6. What is the units digit of f?
4
Suppose 5*t - 26 = z - 2*z, 4*t + 2 = 3*z. What is the tens digit of (z - 3) + (-24)/(-2)?
1
Let n = 5 - 2. What is the units digit of 0 - -3 - n - -6?
6
Let p(j) = -5*j - 5. Suppose 0 = -5*k + 20, -2*i + k - 2 - 10 = 0. What is the tens digit of p(i)?
1
Let q(g) = g**2 - 6*g + 7. Suppose 0 = -p - 3*k + 20, -p + 18 + 7 = 4*k. What is the units digit of q(p)?
2
Let i = -577 + 839. What is the hundreds digit of i?
2
Suppose 2*a = -5*x - 19, -4*x + x + 77 = -4*a. Let b be (12/(-10))/((-2)/50). Let g = b + a. What is the units digit of g?
3
Suppose -2*p + 5*j + 1 = 0, -4*p + 5*j - 1 + 8 = 0. Suppose -2*c - 69 = -p*r, -2*c + 8 = r - 15. What is the tens digit of r?
2
Let v = -35 - -71. What is the tens digit of v?
3
Let s be 1*-1*(2 - 3). Let r = s + 2. What is the units digit of r?
3
What is the units digit of ((-4)/10)/(9/(-810))?
6
Let y(v) = 5*v + 8. Let c be y(12). Suppose 4*w = 3*d + 108 - 29, 3*w = 4*d + c. Suppose a + a = w. What is the units digit of a?
8
Let r(s) = -s**3 + s**2 - s + 1. Let o be r(2). Let c = 19 + o. What is the tens digit of c?
1
Let u be -1*(-2 + 6/(-3)). Suppose u = 6*l - 4*l. What is the units digit of l?
2
Suppose 2*x + 3*x - 1 = 2*l, -5*x - l + 7 = 0. What is the units digit of x?
1
Let k(n) = -n - 6. Let u(f) = -f. Let a be u(8). What is the units digit of k(a)?
2
Suppose 4*f = t - 56, -4*t - 2*f - f + 148 = 0. Suppose 0*v - 5*v = t. Let k = 10 - v. What is the tens digit of k?
1
Let x(z) = -2*z**3 - 3*z**2 + 1. Let d be x(-3). Let o be (d/5)/(3/15). What is the units digit of (-2)/6 + o/3?
9
Suppose 4*w = w + 27. Suppose -3*j + w = -3. Suppose -m + v = -2*m + 7, -58 = -j*m + 2*v. What is the tens digit of m?
1
Let d be (2 + -1*2)/1. Suppose d*s - 3*s = 0. Suppose s*p + 20 = -4*p, -2*g + 15 = -p. What is the units digit of g?
5
Suppose 250 = 5*u + 5*h, 0*u + 140 = 3*u + 5*h. What is the tens digit of u?
5
Let y(h) = -4*h - 3. Let a be y(-2). Let n = 2 - a. Let g = n - -6. What is the units digit of g?
3
Suppose 2*p + 16 = -2*p. Let h = 7 + p. What is the units digit of 7 + h/((-3)/(-2))?
9
Suppose 0 = 19*s - 15*s - 188. What is the tens digit of s?
4
Suppose -1 - 5 = f. Let p be ((-12)/(-8))/(f/16). Let u = 11 - p. What is the tens digit of u?
1
Suppose -7 = -2*j + 7. Let m = j + -3. Suppose m*y - 25 = -y. What is the units digit of y?
5
Let p be 5/(-3)*-3 + -3. Suppose -p*m + 15 = -m. What is the units digit of m?
5
Suppose 0 = z - 0*z - 5. Suppose 0 = -4*v + 11 + z. Suppose 0 = -s + v. What is the units digit of s?
4
Suppose 7*c = 3*c - 8. What is the tens digit of ((-34)/2 + -3)/c?
1
What is the units digit of -1 + 1 + 137 + -3?
4
Let u = 32 + -26. What is the units digit of u?
6
Suppose 0 = -n + 6 + 7. What is the units digit of n?
3
Suppose -t = 4*v - 12 - 6, 3*v = -2*t + 16. Suppose 0*o = -t*o + 4. What is the units digit of ((-4)/8)/(o/(-20))?
5
Let q = -107 + 182. What is the units digit of (-2)/(-10) - (-4485)/q?
0
Suppose -3*w - 6 = 0, p - 4*w = -5*w + 114. What is the units digit of p?
6
Let h be -1 - -1*(0 - -2). Let a(s) = -s + 1. Let b(d) = 10*d - 5. Let z(x) = 6*a(x) + b(x). What is the units digit of z(h)?
5
Let x be (-1)/((-4)/(-76)*-1). Suppose 0 = -d + 4*t + 49, -d + x = t - 15. What is the tens digit of d?
3
Suppose 60 = 5*u + 220. Let f = u + 59. What is the tens digit of f?
2
Let s(g) = g**2 - 4. Let d be s(3). Suppose -2*i